ase 7.
103
Convert -27 (base 13) to base 9.
-36
Convert -4 (base 8) to base 12.
-4
What is 25 (base 15) in base 3?
1022
Convert -15 (base 13) to base 14.
-14
Convert b (base 16) to base 15.
b
Convert 0 (base 4) to base 15.
0
What is -102111 (base 3) in base 5?
-2220
What is -4 (base 16) in base 3?
-11
0 (base 10) to base 4
0
What is 0 (base 14) in base 13?
0
-3 (base 8) to base 12
-3
What is -5 (base 15) in base 10?
-5
What is -10 (base 7) in base 8?
-7
What is -1 (base 2) in base 15?
-1
Convert 0 (base 11) to base 16.
0
What is -3 (base 8) in base 3?
-10
217 (base 11) to base 9
318
Convert 7 (base 14) to base 7.
10
What is 73 (base 9) in base 7?
123
-5 (base 10) to base 5
-10
What is -4 (base 15) in base 7?
-4
11a (base 12) to base 7
325
-1 (base 16) to base 7
-1
3 (base 13) to base 11
3
Convert -4 (base 14) to base 6.
-4
What is 101 (base 7) in base 3?
1212
1c (base 15) to base 7
36
-1 (base 11) to base 10
-1
What is -2 (base 8) in base 13?
-2
Convert -90 (base 14) to base 10.
-126
What is -179 (base 10) in base 11?
-153
What is 1 (base 8) in base 3?
1
7 (base 9) to base 5
12
What is 44 (base 5) in base 9?
26
Convert -3 (base 8) to base 13.
-3
Convert -5 (base 15) to base 7.
-5
What is -126 (base 15) in base 10?
-261
20 (base 13) to base 10
26
212 (base 3) to base 4
113
Convert 10 (base 2) to base 4.
2
2 (base 8) to base 14
2
What is -81 (base 14) in base 9?
-135
What is -15 (base 7) in base 14?
-c
-3 (base 8) to base 5
-3
What is 120 (base 4) in base 15?
19
0 (base 14) to base 10
0
-1 (base 8) to base 5
-1
10 (base 5) to base 3
12
What is -b (base 13) in base 5?
-21
What is -31 (base 4) in base 16?
-d
20 (base 16) to base 8
40
Convert 1 (base 2) to base 9.
1
What is -41 (base 5) in base 6?
-33
-13 (base 4) to base 15
-7
What is -463 (base 7) in base 16?
-f1
-6 (base 12) to base 10
-6
Convert 35 (base 7) to base 14.
1c
What is 1 (base 4) in base 10?
1
1 (base 16) to base 7
1
What is 67 (base 8) in base 5?
210
-11100 (base 2) to base 4
-130
Convert 10 (base 9) to base 11.
9
Convert 16a (base 14) to base 3.
101202
What is 23 (base 8) in base 4?
103
What is -48 (base 10) in base 9?
-53
What is 1 (base 12) in base 5?
1
Convert 154 (base 6) to base 13.
55
103 (base 4) to base 16
13
2111 (base 3) to base 9
74
Convert 30 (base 12) to base 7.
51
What is -110 (base 3) in base 8?
-14
Convert -110011 (base 2) to base 11.
-47
113 (base 6) to base 16
2d
Convert 45 (base 13) to base 6.
133
What is 10 (base 2) in base 15?
2
What is -d0 (base 16) in base 14?
-10c
Convert 0 (base 3) to base 15.
0
-37 (base 8) to base 3
-1011
10011 (base 2) to base 15
14
Convert -543 (base 6) to base 8.
-317
What is -43 (base 5) in base 9?
-25
37 (base 10) to base 9
41
9 (base 11) to base 6
13
58 (base 16) to base 6
224
Convert 2 (base 16) to base 9.
2
Convert 2 (base 6) to base 2.
10
Convert 19 (base 11) to base 9.
22
What is 1101 (base 2) in base 6?
21
What is -26 (base 14) in base 13?
-28
-1 (base 9) to base 14
-1
What is -6c (base 13) in base 3?
-10100
-7 (base 10) to base 4
-13
0 (base 13) to base 4
0
162 (base 12) to base 14
118
What is 4 (base 7) in base 5?
4
Convert 86 (base 13) to base 12.
92
-110 (base 2) to base 4
-12
30 (base 4) to base 9
13
Convert 37 (base 10) to base 11.
34
1c (base 15) to base 14
1d
Convert 1 (base 2) to base 10.
1
-210 (base 4) to base 9
-40
Convert -21 (base 3) to base 9.
-7
Convert 99 (base 11) to base 13.
84
-11 (base 10) to base 16
-b
What is 14 (base 5) in base 13?
9
20 (base 13) to base 9
28
What is 2 (base 3) in base 15?
2
Convert 133 (base 5) to base 16.
2b
What is 10 (base 2) in base 11?
2
What is -231 (base 5) in base 15?
-46
What is 13 (base 6) in base 12?
9
-11112 (base 3) to base 10
-122
What is -230 (base 6) in base 7?
-156
Convert -2 (base 9) to base 16.
-2
14 (base 13) to base 14
13
12010 (base 3) to base 7
255
What is 3 (base 5) in base 9?
3
Convert -2 (base 13) to base 9.
-2
Convert -5 (base 10) to base 2.
-101
Convert 2 (base 16) to base 11.
2
What is 3 (base 12) in base 9?
3
What is 11 (base 2) in base 8?
3
What is -50 (base 8) in base 12?
-34
Convert 8b (base 13) to base 6.
311
Convert 63 (base 16) to base 6.
243
Convert -14 (base 8) to base 3.
-110
Convert -144 (base 7) to base 9.
-100
0 (base 15) to base 6
0
What is -7c (base 14) in base 4?
-1232
What is -24 (base 13) in base 16?
-1e
Convert 2 (base 16) to base 2.
10
-1 (base 4) to base 5
-1
Convert 3 (base 12) to base 11.
3
What is -21 (base 4) in base 9?
-10
-1 (base 16) to base 3
-1
What is -30 (base 4) in base 12?
-10
Convert 6 (base 9) to base 10.
6
3 (base 8) to base 16
3
1 (base 12) to base 4
1
Convert -1b (base 16) to base 8.
-33
What is -217 (base 8) in base 10?
-143
What is 10010 (base 2) in base 5?
33
2013 (base 5) to base 3
100120
Convert -17 (base 12) to base 5.
-34
What is 176 (base 12) in base 13?
150
What is -3 (base 4) in base 11?
-3
What is 1 (base 15) in base 3?
1
22 (base 4) to base 12
a
-4 (base 14) to base 16
-4
What is 124 (base 10) in base 12?
a4
What is -183 (base 9) in base 11?
-132
8 (base 12) to base 5
13
What is 1 (base 15) in base 6?
1
2 (base 14) to base 11
2
What is 4 (base 15) in base 11?
4
Convert -4 (base 14) to base 7.
-4
Convert -1 (base 7) to base 11.
-1
-152 (base 7) to base 15
-5b
What is 0 (base 4) in base 3?
0
What is 1124 (base 5) in base 6?
432
Convert 231 (base 5) to base 16.
42
-8 (base 10) to base 7
-11
Convert 8 (base 13) to base 7.
11
-3 (base 8) to base 16
-3
What is 2 (base 10) in base 16?
2
Convert -2 (base 11) to base 14.
-2
-100 (base 4) to base 10
-16
Convert -173 (base 12) to base 10.
-231
Convert -1 (base 3) to base 4.
-1
Convert -148 (base 9) to base 12.
-a5
Convert 81 (base 13) to base 9.
126
What is -2 (base 16) in base 8?
-2
18 (base 15) to base 14
19
What is -1 (base 3) in base 11?
-1
What is 12 (base 4) in base 2?
110
What is -101 (base 2) in base 12?
-5
-6 (base 10) to base 2
-110
22 (base 7) to base 14
12
1c (base 14) to base 2
11010
61 (base 9) to base 15
3a
Convert -10 (base 4) to base 6.
-4
-80 (base 10) to base 8
-120
What is 14 (base 9) in base 14?
d
-b1 (base 13) to base 15
-99
Convert -54 (base 14) to base 15.
-4e
-12 (base 6) to base 14
-8
Convert 2 (base 3) to base 16.
2
1d (base 16) to base 11
27
Convert 0 (base 8) to base 2.
0
Convert -210 (base 3) to base 10.
-21
Convert -33 (base 4) to base 10.
-15
Convert 1 (base 5) to base 3.
1
What is 13 (base 4) in base 5?
12
What is 5 (base 12) in base 4?
11
Convert -50 (base 14) to base 4.
-1012
What is 34 (base 6) in base 3?
211
Convert 25 (base 13) to base 6.
51
Convert 3 (base 12) to base 11.
3
3 (base 9) to base 4
3
Convert -6 (base 8) to base 4.
-12
Convert -330 (base 5) to base 7.
-156
What is 51 (base 11) in base 10?
56
19 (base 15) to base 14
1a
-52 (base 6) to base 3
-1012
-3 (base 12) to base 10
-3
-8 (base 9) to base 15
-8
Convert -1 (base 6) to base 9.
-1
-2 (base 11) to base 14
-2
What is -14 (base 9) in base 15?
-d
Convert 118 (base 14) to base 8.
332
-110 (base 2) to base 4
-12
What is 2 (base 5) in base 2?
10
What is -177 (base 16) in base 4?
-11313
Convert -10121 (base 3) to base 6.
-241
What is 100 (base 3) in base 8?
11
Convert 2 (base 15) to base 13.
2
-2 (base 3) to base 8
-2
What is 2023 (base 4) in base 3?
12011
What is -4 (base 6) in base 2?
-100
1 (base 8) to base 3
1
Convert -13 (base 4) to base 9.
-7
What is -16 (base 9) in base 15?
-10
What is -100 (base 2) in base 3?
-11
Convert -1 (base 8) to base 3.
-1
Convert -22 (base 15) to base 6.
-52
Convert 3 (base 15) to base 14.
3
What is -345 (base 6) in base 7?
-254
2 (base 7) to base 11
2
3 (base 8) to base 11
3
What is 1 (base 4) in base 9?
1
Convert -12 (base 6) to base 8.
-10
What is 1 (base 11) in base 14?
1
-31 (base 10) to base 11
-29
What is 22 (base 5) in base 14?
c
4 (base 14) to base 3
11
Convert -40 (base 14) to base 8.
-70
Convert 11110101 (base 2) to base 8.
365
Convert -2 (base 13) to base 10.
-2
Convert 11111001 (base 2) to base 8.
371
What is 3 (base 11) in base 7?
3
-1 (base 13) to base 4
-1
-10001111 (base 2) to base 12
-bb
Convert -3 (base 6) to base 3.
-10
31 (base 4) to base 6
21
133 (base 8) to base 15
61
-10 (base 2) to base 14
-2
Convert -23 (base 7) to base 12.
-15
Convert 2 (base 16) to base 15.
2
Convert 1022 (base 3) to base 2.
100011
What is -122